
5, 11
Suppose 3*f - 125 = -4*z, 2*z - 107 = -3*f + 7*z. Let n(x) = -7 + 4 + 38*x + 5*x**2 - f*x. List the prime factors of n(7).
5, 47
Let j = 287 - 282. Suppose 404 = c + 3*c + m, -5*m - 480 = -j*c. What are the prime factors of c?
2, 5
What are the prime factors of ((-264)/(-10))/(174/27260)?
2, 11, 47
Let b be 0 - 1 - (-78)/(-2). Let f = -283 - -366. Let h = f + b. List the prime factors of h.
43
Let a(c) = 4*c + 46. Let z be a(-11). Suppose -p - 200 = -o + z*p, -2*o - 2*p + 400 = 0. What are the prime factors of o?
2, 5
Let l(b) = -10*b**3 - 2*b**2 + 3*b + 4. Let t be l(-1). Let h(s) = 8*s - 23. Let z be h(t). Suppose 0 = z*j - 54*j + 230. List the prime factors of j.
2, 23
Let b(m) = 3*m**2 - 13. Suppose -5*z = -3*p - 206, 0 = 2*z - 5*p - 39 - 51. Suppose -5*t + 0*t = -4*n - z, 4*t = 2*n + 26. List the prime factors of b(n).
2, 31
Let z(y) = 4*y**3 - 20*y**2 - 18*y + 12. Let m be z(7). Let c = m - 56. List the prime factors of c.
2, 3, 37
Let l = -5525 + 7943. What are the prime factors of l?
2, 3, 13, 31
Let o(p) = -4*p**3 - 17*p**2 - 12*p - 35. Let i(u) = -5*u**3 - 18*u**2 - 12*u - 35. Let q(b) = 5*i(b) - 6*o(b). List the prime factors of q(13).
2, 11
Suppose 0 = -h - t + 4, 2*h - 4*t + 16 = h. Suppose -g = -h*g - 4. Suppose 2*v - 2*d + 3*d = 170, 2*v = -g*d + 164. What are the prime factors of v?
2, 43
Let d = 19 - 14. Suppose 15 + 10 = d*n. Suppose p + 4*o = 84, -4*p - 2*o + n*o + 431 = 0. What are the prime factors of p?
2, 13
Let w(c) = 95*c**2 - 290*c + 192. What are the prime factors of w(-12)?
2, 3, 241
Let z = -8724 - -14635. List the prime factors of z.
23, 257
Let u(q) = -q**3 + 28*q**2 - 27*q + 61. Let g be u(24). Let i = -1166 + g. List the prime factors of i.
19, 29
Let k be -2 - ((-6)/((-9)/3) - 14). List the prime factors of 8644/20 - 2/k.
2, 3
Suppose 9 = 3*a + g + 2*g, -4*g = 12. List the prime factors of 18/36*(a + 0).
3
Let c be (-36)/((-30)/5) - (0 - 1). Let n(o) = 3*o**2 + 13*o - 2. Let z be n(c). Suppose 11*p + z = 13*p. What are the prime factors of p?
2, 59
Let r be 7 + -1 - (-35 + -2). Suppose -h + 878 = 5*k, -r*h - 4418 = -48*h + 3*k. List the prime factors of h.
883
Let s(c) = -2*c**2 + 3*c + 4. Suppose 0*y = 2*y + 5*g + 29, 4*y + g + 13 = 0. Let v be s(y). List the prime factors of (v + 0)*(-186)/12.
5, 31
What are the prime factors of (-91)/156 + (-6)/8 + (-371830)/(-30)?
3, 17
List the prime factors of 9638976/420 - ((-14)/245 - 0).
2, 3, 5, 17
Suppose -4*z - 1049 = 3*x, -4*x - 355 - 957 = 5*z. What are the prime factors of (-117)/2*z/30*1?
3, 13
Let f(r) = 942*r - 1282. What are the prime factors of f(25)?
2, 19, 293
Let c(v) = -2*v**3 - 28*v**2 - 69*v + 20. What are the prime factors of c(-19)?
3, 61
Suppose -4*u + 22 = -2*j, 23 = 5*u - 5*j + j. Suppose 11*n - u*n - 200 = 0. Suppose n*b = 53*b - 438. What are the prime factors of b?
2, 73
Suppose 0 = -4*x - 2*h + 10, 2*h + 3 = 5*h. Suppose 0 = -4*k + 4*t + 4, -4*k + x*t = -8*k - 8. List the prime factors of ((-110)/(-33))/(k/(-3)).
2, 5
Let p be (184/16 + -7)*(-8)/3. List the prime factors of 2 - -475 - (-7)/(42/p).
5, 19
Suppose -10*k + 15*k = -25, 0 = 4*z - 2*k - 59082. What are the prime factors of z?
2, 13, 71
Suppose -z = 12*v - 14*v - 106, -v = 2*z - 202. Suppose 0 = 54*s - 52*s + z. What are the prime factors of (-4 - s/9)*15?
5
Suppose 5*s = -0*g + g + 12061, 2416 = s - 4*g. Suppose -172*x = -176*x + s. List the prime factors of x.
3, 67
What are the prime factors of 8*1 - (264 - 3305)?
3049
Let p = 15 + -28. Suppose 7 = q + 11, -5*x - 3*q + 233 = 0. Let i = x + p. List the prime factors of i.
2, 3
Let x be 3 + (-44)/16 - (-39)/4. Suppose -11*k + 158 = -x*k. What are the prime factors of k?
2, 79
Let w(t) = t + 13. Let k be w(-9). Let n(h) = -9*h + 1. Let s(y) = y. Let r(b) = -n(b) + 3*s(b). List the prime factors of r(k).
47
Let n(x) = x**3 - 2*x**2 + 3*x - 1. Let d be n(2). Let h be 62/5 + (-2)/d. Suppose -6 = -3*o + h. What are the prime factors of o?
2, 3
Let r be (-111)/296 - (-454)/16. List the prime factors of (-2 - 15)*(-45 - r).
17, 73
Let y = 27 - 9. Suppose 4*q + 8 = -0*a + 2*a, 0 = 3*a + 4*q + y. List the prime factors of ((-5)/((-45)/246))/(a/(-6)).
2, 41
Suppose t - 2*y = 4443, -22175 = -5*t - 13*y + 18*y. List the prime factors of t.
19, 233
Let p(u) = 3*u + 18*u**2 - 27*u**2 + 8 + 10*u**2. Let y be p(-3). List the prime factors of 42/((-1)/(y/4)*-2).
2, 3, 7
Let d(j) = -3*j + 54. Let a(h) = -h**3 + 13*h**2 - 18*h - 16. Let m be a(11). Suppose -28 - m = 2*f. List the prime factors of d(f).
2, 3, 23
List the prime factors of 28/(-18) - (-394610)/90.
3, 487
Suppose 2*u + 10 + 4 = 0. Let r = 195 - 140. Let f = r + u. What are the prime factors of f?
2, 3
Let c(v) = 15*v - 101. Let k be c(-21). Let w = 825 + k. What are the prime factors of w?
409
Let j = 62 + -65. Let t be (-2 - j)/((-7)/126). List the prime factors of (-6)/t + ((-843)/(-9))/1.
2, 47
Suppose 28 = -5*m - 537. Let d = 341 - m. What are the prime factors of d?
2, 227
Let h be 2/((-4)/(-18)) + (-106)/(-53). Let q(i) = -11*i + 24*i + 17 + 10*i. List the prime factors of q(h).
2, 3, 5
Let w = 416 - 411. Suppose 22*z - 10268 = w*z. What are the prime factors of z?
2, 151
Let r be 2/4 + 165/(-10) + 7. Let j(m) = -m**3 - 10*m**2 - 9*m + 35. List the prime factors of j(r).
5, 7
Let k(c) = -43*c - 85. Let g be k(-14). Let u = g + -164. What are the prime factors of u?
353
Let h = 216 - 117. Let f = -1021 + 962. Let t = h + f. What are the prime factors of t?
2, 5
Let z(s) = 501*s**2 - 297*s + 2837. List the prime factors of z(10).
29, 1723
Suppose 13*m - 669 = -6623. Let y = m - -749. List the prime factors of y.
3, 97
Suppose 3*f + 17*a - 42336 = 22*a, -28225 = -2*f + 3*a. What are the prime factors of f?
19, 743
Let f be -12*((-3)/(-6))/(6/(-4)). List the prime factors of -94*(10/(-2) - (-2)/f).
3, 47
Let l(z) be the third derivative of -z**5/60 - z**4/3 + 3*z**3 + 28*z**2. Let u be l(-10). What are the prime factors of (-6 + 17)/(u/(-32))?
2, 11
Let a(w) = -6285*w**3 + 10*w**2 - 3*w - 11. List the prime factors of a(-1).
6287
Suppose -2968 = -4*q - 152. Suppose 0 = 7*k - 2*k - 2260. Let h = q - k. List the prime factors of h.
2, 3, 7
Let h be (-35)/(-28) - 7702/(-8). Suppose 205*q = 201*q + h. What are the prime factors of q?
241
Let d(l) = -255*l + 2252. What are the prime factors of d(-8)?
2, 29, 37
Let p be 1076/6 - ((-63)/(-27) + -2). Suppose -3*z = 2*u + 2*u - 131, -p = -4*z - u. What are the prime factors of z?
3, 5
Let k(o) be the first derivative of -5*o**2/2 + 5*o + 2. Let i be k(5). List the prime factors of 4*(55/i)/(-1).
11
Let o be ((-10)/12)/((8/2)/(-24)). Suppose -k + 233 = 3*g, o*g = 2*g - 2*k + 229. What are the prime factors of g?
79
Let q = -7 - -18. Suppose q = 2*b - 5. What are the prime factors of (b/10)/(6/15) - -104?
2, 53
Let s(t) = -16*t**3 + 5*t**2 + 7*t - 4. Let j be s(-2). Suppose -j*k - 3336 = -2*f - 126*k, -2*k = -5*f + 8332. List the prime factors of f.
2, 7, 17
Let a = -747 + 1194. Suppose 142*z = 145*z + a. Let j = z - -278. List the prime factors of j.
3, 43
Suppose -16*a + 113894 = 16758. What are the prime factors of a?
13, 467
Suppose -6*m = -3*m - 0*m. Suppose -4*w = -4*d + 19 - 3, -5*d - w + 44 = m. What are the prime factors of d?
2
Let u(o) = -7*o**3 - 4*o. Suppose 3*c + 13 = 3*k + 4, -10 = 2*c. What are the prime factors of u(k)?
2
Suppose -3*d - o = -1741, 4*d - 14*o + 11*o - 2304 = 0. Suppose -d = 30*p - 33*p. What are the prime factors of p?
193
Suppose 3*v + 22 + 32 = 0. Let k(z) = -z**2 - 4*z + 38. Let p be k(v). Let j = -150 - p. What are the prime factors of j?
2
Let a = -2531 + 4142. Suppose -3*w = -a + 378. List the prime factors of w.
3, 137
Suppose -i = -5*f - 150, 9*f = -i - 11 + 91. List the prime factors of i.
5
Suppose x + 3 = -j, -2*j - 4*x + 8 - 20 = 0. Suppose 2*f - 262 = -w - 21, j = -f - w + 120. List the prime factors of f.
11
Let q(x) = 47*x + 12 + 13*x + 45 - 4. What are the prime factors of q(5)?
353
Let y be ((3 - -689) + 0)/2. Let k = y + -139. What are the prime factors of k?
3, 23
Let t(z) be the second derivative of 26*z + 19/3*z**3 - 2*z**2 + 0. What are the prime factors of t(3)?
2, 5, 11
Suppose 106*i - 301903 - 712013 = -8*i. What are the prime factors of i?
2, 4447
Let a(b) = b**2 - 29*b - 6. Le